24
What is -2d4cc7 (base 14) in base 6?
-54014235
Convert -24343342 (base 5) to base 4.
-320122321
What is 788641 (base 9) in base 10?
472186
1020012110000 (base 3) to base 16
9f8c4
10462133 (base 7) to base 14
19821a
What is -1324153 (base 6) in base 8?
-217445
Convert 1031121021 (base 5) to base 13.
5c3ac2
Convert 25a222 (base 16) to base 9.
4568155
-172cc0 (base 14) to base 13
-226ac8
100100010110100 (base 2) to base 12
a930
What is -4a760 (base 11) in base 5?
-4312122
Convert 5708686 (base 9) to base 7.
35103453
What is 30041242 (base 5) in base 8?
717020
What is -480871 (base 11) in base 10?
-762378
Convert -546d2 (base 16) to base 3.
-122120100210
-10010100000100001 (base 2) to base 8
-224041
11021323 (base 5) to base 13
34451
-297299 (base 11) to base 3
-212112212002
Convert 203105054 (base 6) to base 5.
1344224330
Convert 111100200 (base 4) to base 9.
142386
79e7a2 (base 15) to base 4
112030331003
Convert -10011101100110101 (base 2) to base 6.
-1421325
What is 173217 (base 8) in base 15?
13a7e
222100210 (base 3) to base 9
28323
What is 2547b (base 12) in base 4?
30121133
11000000011011001100 (base 2) to base 13
217998
What is -131410 (base 5) in base 10?
-5230
Convert 5033111 (base 9) to base 14.
4da530
-1248275 (base 9) to base 2
-10100110011101110101
Convert 806664 (base 11) to base 4.
10330230212
101011101010000001 (base 2) to base 4
223222001
Convert -2adb5 (base 15) to base 13.
-4ab19
Convert -202333000 (base 4) to base 11.
-9872a
Convert 262874 (base 15) to base 12.
743847
Convert -101133312 (base 4) to base 11.
-49935
Convert -28743304 (base 9) to base 13.
-2c53588
-2adbc1 (base 14) to base 16
-16dacd
What is 221212322 (base 4) in base 2?
101001100110111010
44386 (base 10) to base 5
2410021
da57a (base 15) to base 2
10101001001101111011
Convert 986818 (base 14) to base 7.
61623431
Convert -1106010 (base 8) to base 4.
-1020300020
What is -d30ecb (base 15) in base 8?
-46200123
-11957 (base 10) to base 12
-6b05
-11100000110001 (base 2) to base 10
-14385
204343013 (base 5) to base 13
23c81a
2362a7 (base 12) to base 7
4564501
Convert 5751520 (base 8) to base 11.
977137
What is 123411 (base 6) in base 2?
10101110011111
What is 78629 (base 10) in base 3?
10222212012
Convert -221113122201 (base 4) to base 9.
-22356816
Convert -1546705 (base 8) to base 15.
-8c1b3
What is 11110111010000001011 (base 2) in base 5?
224401442
210220111212021 (base 3) to base 9
23814767
Convert -4540a (base 14) to base 15.
-34c6d
-11414011 (base 5) to base 3
-12110022002
What is 671db (base 14) in base 12?
100891
Convert -10111111010011100000 (base 2) to base 12.
-319568
Convert -23422053 (base 6) to base 14.
-1516c9
What is 300222212 (base 4) in base 2?
110000101010100110
300300331 (base 4) to base 13
6cbb9
51729 (base 11) to base 4
102122112
Convert 111010110110001001000 (base 2) to base 8.
7266110
Convert 447bd (base 15) to base 16.
35299
-58494 (base 12) to base 5
-12240232
Convert -25260145 (base 7) to base 15.
-30188d
2302391 (base 13) to base 14
1605bb6
What is -daf674 (base 16) in base 10?
-14349940
What is 1011111010010110101 (base 2) in base 4?
1133102311
What is 1100111000111101110001 (base 2) in base 8?
14707561
Convert 123061140 (base 7) to base 12.
2732150
Convert 16c93c (base 14) to base 2.
11000100000011111010
What is -6d00f (base 16) in base 12?
-196467
210122221201 (base 3) to base 14
b1594
324420 (base 9) to base 10
193527
Convert -526179 (base 12) to base 11.
-805978
Convert -6a986 (base 16) to base 11.
-279042
What is -2042334322 (base 5) in base 6?
-231202421
Convert -163c3 (base 13) to base 12.
-20661
1a933 (base 15) to base 5
10231243
What is -1435907 (base 10) in base 2?
-101011110100100000011
What is -10182011 (base 9) in base 13?
-1025635
Convert -1041020 (base 6) to base 2.
-1100101101100100
Convert -100110000010111000 (base 2) to base 4.
-212002320
Convert -2021211221 (base 4) to base 13.
-16968b
-2123564 (base 7) to base 14
-6a16b
What is 8360541 (base 10) in base 11?
47a0442
What is -416689 (base 10) in base 9?
-704527
Convert -4c4be (base 15) to base 3.
-110101210222
What is 12405 (base 9) in base 14?
3084
-10a5045 (base 12) to base 4
-30031233311
-1826005 (base 9) to base 12
-413072
What is -63780 (base 9) in base 7?
-234003
What is 441012203 (base 5) in base 13?
512c81
What is -50202 (base 8) in base 3?
-1001021100
Convert -884a3 (base 13) to base 10.
-246873
-26138b (base 12) to base 9
-1151388
-122022020221 (base 3) to base 4
-1103022112
What is -1112021011011 (base 3) in base 7?
-6621661
57557446 (base 8) to base 13
278c872
566895 (base 13) to base 7
23234526
Convert c709a (base 16) to base 3.
1112102022202
Convert -1030789 (base 11) to base 2.
-110111011011101101100
12022201102 (base 3) to base 5
11323041
-120038 (base 16) to base 11
-736369
Convert 111202302001 (base 4) to base 8.
25426201
Convert 1111000010100010000110 (base 2) to base 10.
3942534
What is -102aa9 (base 11) in base 5?
-20240132
2685911 (base 12) to base 9
15335174
6688a (base 15) to base 4
1033210222
What is -634847 (base 9) in base 6?
-12032024
What is -226252636 (base 7) in base 4?
-311020223320
Convert 110201211122222 (base 3) to base 6.
401020212
What is 1115067 (base 9) in base 5?
123211012
113006662 (base 7) to base 16
69f3c7
What is 84440 (base 10) in base 6?
1450532
Convert 31787a (base 14) to base 10.
1672772
What is 1053512 (base 11) in base 12?
7522a9
-216453552 (base 7) to base 6
-1145343223
43044100 (base 5) to base 12
155880
1021133012 (base 4) to base 8
1113706
Convert 14031502 (base 6) to base 14.
c383c
What is -dd25d (base 16) in base 7?
-10461610
Convert -304055250 (base 6) to base 10.
-5233134
What is -1145 (base 14) in base 3?
-11010011
Convert 5061 (base 10) to base 5.
130221
Convert 51644252 (base 7) to base 4.
100211112311
-11000010011011111001110 (base 2) to base 11
-3661921
What is -1300444130 (base 5) in base 3?
-12220120000022
What is -202364 (base 11) in base 2?
-1001111011001001101
63135 (base 8) to base 15
7b70
What is -4321320 (base 7) in base 3?
-222201222110
Convert -100101123 (base 4) to base 7.
-365214
What is -304421122 (base 6) in base 8?
-24040252
What is -103012112300 (base 4) in base 12?
-1815528
What is 10001100110111111110 (base 2) in base 7?
4622165
6045464 (base 8) to base 10
1592116
-2625606 (base 7) to base 6
-11203433
Convert 179b11 (base 12) to base 7.
3331432
Convert -10111000010000100 (base 2) to base 4.
-113002010
342075 (base 8) to base 7
661350
-6227116 (base 8) to base 2
-110010010111001001110
Convert 49154 (base 15) to base 2.
111000111011011011
What is -4562065 (base 10) in base 4?
-101121302101
Convert -200176 (base 11) to base 15.
-65771
Convert 234412 (base 10) to base 13.
82909
Convert -4235155 (base 6) to base 14.
-55731
Convert -8a4ae (base 15) to base 5.
-103033224
What is -468863 (base 12) in base 11?
-705652
What is 1143331 (base 6) in base 4?
32233213
What is -a9c32 (base 14) in base 2?
-1100100011001110100
1033210200 (base 4) to base 9
546063
Convert -100011000000000101100 (base 2) to base 14.
-21bd92
What is 114000411 (base 5) in base 2?
10000001101110011100
-839b0 (base 13) to base 4
-321303013
What is 3561066 (base 7) in base 5?
103424104
What is -10101100110010 (base 2) in base 9?
-16146
What is 232321033 (base 4) in base 13?
69574
What is 3023332120 (base 4) in base 10?
835480
21201222021 (base 3) to base 13
54457
Convert -4873537 (base 10) to base 11.
-2829619
30132223 (base 4) to base 6
1032351
Convert -45113104 (base 7) to base 11.
-2226186
What is -120020022 (base 3) in base 6?
-123225
Convert 211022332 (base 4) to base 13.
543bb
Convert 2b4b9 (base 12) to base 7.
343263
What is -20120201122 (base 3) in base 10?
-129563
Convert -89093e (base 15) to base 7.
-106345541
Convert 322312444 (base 6) to base 11.
325550a
What is -220323404 (base 5) in base 13?
-272a07
-25243505 (base 6) to base 15
-1115eb
Convert -12555322 (base 7) to base 8.
-4323227
What is -4ad867 (base 14) in base 7?
-30603560
What is 4206225 (base 10) in base 16?
402e91
200866c (base 14) to base 11
8571609
541540 (base 7) to base 5
11004010
Convert 21ac5 (base 13) to base 4.
32323302
What is 23011111022 (base 4) in base 7?
33460415
Convert 1162a42 (base 11) to base 10.
2024376
Convert 205422026 (base 7) to base 